
14
Suppose 0 = -5*z + 2*m + 2295, 4*m = 5*z - 0*m - 2305. Let k = -433 + z. Calculate the remainder when 335 is divided by k.
23
Let q = 8457 - 8432. Calculate the remainder when 3261 is divided by q.
11
Let s(v) = -v**3 - 37*v**2 + 58*v + 1181. What is the remainder when s(-38) is divided by 126?
43
Let z(o) = 673*o**3 - 1. Let b be z(-1). Let i be b/(-5) - 5/(-25). Suppose 60 = 5*r - i. Calculate the remainder when 116 is divided by r.
38
Suppose 266 + 152 = 14*b + 110. Let n = -12 + 17. Suppose 0 = n*i - 413 + 98. Calculate the remainder when i is divided by b.
19
Let k(z) = -94*z - 84. What is the remainder when k(-21) is divided by 22?
20
Suppose 3*x + 39 = u + u, -2*x = 3*u - 39. Calculate the remainder when 114 is divided by (u/(-6))/((-2)/24).
24
Let h(g) = g**3 - 3*g**2 + 5*g - 5. Let y = 68 + -64. Let c = -91 + 183. Calculate the remainder when c is divided by h(y).
30
Suppose 4*z = 3*j + z - 6, -5*z = -3*j. Suppose -6 + 66 = 4*t - 2*n, -4*n = 16. Let x = t - -1. Calculate the remainder when x is divided by j.
4
Let m = -491 - -642. Suppose 3*c = -m + 301. What is the remainder when c is divided by 33?
17
Suppose -18 - 15 = -3*s. Suppose 5*c - z - 44 = 122, -30 = -c - 3*z. Let x(l) = -2*l**2 + 67*l - 11. What is the remainder when x(c) is divided by s?
0
Let z be 295*(-7 - 312/(-40)). Let u = -230 + z. Let m = -20 - -30. Calculate the remainder when m is divided by u.
4
Let n = -327 + 338. Let l(i) = -i + 85. What is the remainder when l(0) is divided by n?
8
Let i = 31440 + -30989. Calculate the remainder when i is divided by 280.
171
Suppose 0 = -487*o + 483*o + 184. Calculate the remainder when 1562 is divided by o.
44
Let k(w) = -w**2 + 21*w - 92. Let q be k(15). Calculate the remainder when 49 is divided by ((-1)/q)/((-524)/(-104) + -5).
10
Suppose -5*i - h = -177, -119 = -3*i + h - 24. Let w(l) = -7*l. Let j be w(1). What is the remainder when i is divided by (8 + j)/((-1)/(-9))?
7
Calculate the remainder when 76 is divided by 10*(-130)/(-150) + 6/(-9).
4
Suppose 151*i - 97*i - 1998 = 0. What is the remainder when 257 is divided by i?
35
Let v = -5590 - -5811. Let o(b) = 2*b**2 + 10*b - 3. What is the remainder when v is divided by o(-8)?
41
Let h = 3974 + -3925. Calculate the remainder when (-686)/(-8) + 2/8 is divided by h.
37
Let v = -1172 - -1220. What is the remainder when 285 is divided by v?
45
Suppose 60*w - 43626 = 38*w. Calculate the remainder when w is divided by 32.
31
Calculate the remainder when (-4160)/(-650)*1245/12 is divided by 35.
34
Suppose -5*j = -10, b + 511 = 6*b - 2*j. Let h = -38 + 38. Suppose -s - l + 24 = h, 91 = 4*s - 2*l - 23. Calculate the remainder when b is divided by s.
22
Let c = -2094 - -2119. Calculate the remainder when 724 is divided by c.
24
Let t = 140 + -127. Let w(p) = p**3 - 11*p**2 - 24*p + 5. What is the remainder when w(t) is divided by 18?
13
Let c = -273 - -273. Suppose c = 113*f - 107*f - 714. Calculate the remainder when f is divided by 31.
26
Let j(y) = 58*y**2 - 74*y - 610. Calculate the remainder when j(-9) is divided by 1188.
2
Let x(p) = p**3 - 10*p**2 + 6*p + 42. Let y be x(9). Let j(d) = -13*d - 4. Let w be j(3). What is the remainder when w*(y/10 - 5/2) is divided by 15?
13
Suppose -3*i - 304 = -526. What is the remainder when 410 is divided by i?
40
Suppose 5225 = 68*q + 27*q. Calculate the remainder when q is divided by ((-4)/10)/((-1)/35).
13
Calculate the remainder when (25*11/110)/((-3)/(-582)) is divided by 150.
35
Calculate the remainder when 8780 is divided by (-11 - 152/(-16)) + 2 + 268/8.
8
Let y(t) = t**3 + 30*t**2 - 47*t + 25. Calculate the remainder when y(-11) is divided by 18.
15
Suppose 0 = 2*h - p - 2443, 1304 = 4*h + 4*p - 3564. Calculate the remainder when h is divided by 404.
8
Let c = 227 - 220. Suppose -f + 51 = 4*j, -2*j + 3*f + 36 = c*f. What is the remainder when 287 is divided by j?
11
Suppose 0 = -20*z + 12*z. Suppose -580 = -29*g - z*g. What is the remainder when 72 is divided by g?
12
Let k = -22 + 39. Suppose 2*y - 5*w - 23 = 22, -2*y - w + 15 = 0. Suppose y*f = 8*f + 22. Calculate the remainder when k is divided by f.
6
Let x = 1819 + -1153. What is the remainder when x is divided by 322/21*(-6)/(-4)?
22
Suppose 5*m = 6*m - 2. Let x = 820 + -532. Suppose -m*j - 10*j = -x. What is the remainder when j is divided by 13?
11
Let o = -11672 + 11817. What is the remainder when o is divided by 126?
19
Suppose -38*m + 168 - 16 = 0. Suppose 143 + 33 = m*a. Calculate the remainder when 83 is divided by a.
39
Let x = -96 - -96. Let q(p) = -52 + x*p + 19*p - 12*p. What is the remainder when q(21) is divided by 16?
15
Let l(y) = -y**2 - 5*y + 1. Let d(v) = -v**2 + 32*v - 35. Let r be d(31). Calculate the remainder when 149 is divided by l(r).
4
Suppose 67*f + 44*f + 59*f - 2040 = 0. What is the remainder when 1103 is divided by f?
11
Let c be 3/9*3 + (226 - 3). Let g = c - 218. Let i = -4 - -21. What is the remainder when i is divided by g?
5
Suppose 41*j - 24*j = 8*j + 369. Suppose -162 = -3*z + 444. Calculate the remainder when z is divided by j.
38
Let f(w) = 9*w - 75. Let l be f(8). What is the remainder when 69 is divided by -1 - 544/(-28) - l/(-7)?
15
Calculate the remainder when (-78500)/(-750)*((-2)/6 + (-20)/(-6)) is divided by 79.
77
Let l = 19 - 15. Let z be 250/l - (-3 + 25/10). Let p = z + -61. Calculate the remainder when 8 is divided by p.
0
Suppose d - 6 = -2*v, -9*v - 2*d = -4*v - 14. Suppose 0 = -2*m - v*h + 24, m = 2*h + 4 + 5. What is the remainder when 46 is divided by m?
2
Let a(p) = -2*p - 1. Let n(g) = 9*g + 44. Let o(x) = 2*a(x) - n(x). Let k = 19 - -9. What is the remainder when o(-12) is divided by k?
26
Suppose -9*d + 707 = -2*d. Suppose -283 + d = -7*h. Calculate the remainder when 61 is divided by h.
9
Let q = -7411 - -7450. Calculate the remainder when 1245 is divided by q.
36
Let k be ((-112)/140)/((-11)/(-5) - 2). Calculate the remainder when 171 is divided by ((-11)/k)/(27/216).
17
Suppose b = -3*o + 77, 97 - 394 = -4*b - o. Calculate the remainder when b is divided by 2.
0
Suppose 15688 = 247*j - 173*j. What is the remainder when j is divided by 104?
4
Let c(h) = -3*h - 11. Suppose -10*q - 180 = -12*q. Suppose -i = 9*i + q. Calculate the remainder when 27 is divided by c(i).
11
Let x = 563 - 542. What is the remainder when 149 is divided by ((-91)/x - -4)*-21?
2
Suppose -338 = -10*s + 592. Let i = s + -67. What is the remainder when 36 is divided by i?
10
Suppose 9*a + 15*a = 120. Suppose p - 3*f - 8 = 0, 14 = a*f - 1. Let b = 83 - 34. What is the remainder when b is divided by p?
15
Let d = -180 - -180. What is the remainder when (d - 72/28)/((-6)/42) is divided by 4?
2
Let s = 2797 - 1791. Calculate the remainder when s is divided by 19.
18
Let p(m) = 528*m + 29. Calculate the remainder when 817 is divided by p(0).
5
Let s(j) = j**2 - 13*j - 18. Suppose -n + 5*f + 21 - 2 = 0, -7 = -3*n + 5*f. Let r be 15*22/21 + n/(-21). Calculate the remainder when s(r) is divided by 8.
6
Suppose -p - 55 = -3*f, -58*p + 56*p = -4. Calculate the remainder when 109 is divided by f.
14
Let b(c) = -41*c - 150. Suppose 2*g - 3*g = -180. What is the remainder when g is divided by b(-4)?
12
Let p(v) = -v**2 + v + 12. Let q be p(4). Suppose -27*j = -q*j - 11745. What is the remainder when j is divided by 88?
83
Suppose -4*c - 4*o = -2852, 2*c + 7*o = 4*o + 1427. Calculate the remainder when c is divided by 33.
19
Suppose -2*f + 5*f - 87 = -4*a, 5*f + 5*a - 150 = 0. Calculate the remainder when 210 is divided by f.
12
What is the remainder when 2/9 - -1*(-2289)/(-27) is divided by 49?
36
Suppose -4*u - 5634 - 3831 = -11*d, d - 891 = -4*u. Calculate the remainder when 2593 is divided by d.
4
Let n(a) be the first derivative of a**3/3 + 17*a**2 + 6*a - 142. What is the remainder when 12 is divided by n(-34)?
0
Calculate the remainder when 4562 is divided by (-44)/(-2) - (-32)/(-64)*-12.
26
Let l(f) = -3*f**3 + 3*f**2 - 14*f - 55. Let v be l(-7). Suppose 1222*r = v*r + 147. What is the remainder when 110 is divided by r?
12
Suppose -2*b = -w + 108, -5*w - 43 = b - 0*w. Let v = b + 55. Let u(o) = -o**3 + 10*o**2 - 11*o + 21. Calculate the remainder when u(9) is divided by v.
1
Suppose -2*l = -3*o + 3*l + 1, -o - 2*l = -4. Suppose -3*b = o*